
Let r(y) = -8*y. Let g(p) = -p. Let z(j) = -4*g(j) + r(j). What is z(3)?
-12
Let l = 11 - 4. Suppose 2*n + 1 = l. Let d(j) = -j + 4. What is d(n)?
1
Let s be 51/(-9) + 2/(-6). Let x(b) = -b**3 - 7*b**2 - 5*b + 3. Calculate x(s).
-3
Suppose -m - 7 + 4 = 0. Let o(k) = 2*k - 2 + 1 + k. What is o(m)?
-10
Let y(a) = a - 4. Let p be 99/12 + 2/(-8). Let t be (-6)/9 - p/(-3). Suppose -t*n - 12 = 2*n. Give y(n).
-7
Let j(q) = q**2 - q. Let k(p) = 5*p**2 - 10*p + 6. Let n(x) = 3*j(x) - k(x). Calculate n(4).
-10
Let u(x) = -x**2 - 5*x + 1. Let f(r) = 1. Let m(i) = -5*f(i) + u(i). Calculate m(-3).
2
Suppose -3*h + 30 = 2*h. Let k(n) = -4*n + 3*n + h*n - 8 - 3*n. Give k(6).
4
Let s(b) be the second derivative of 1/4*b**4 + 0 + 1/6*b**3 + 3*b + 0*b**2. Determine s(1).
4
Let o(t) = -t**3 + 7*t**2 - 7*t + 3. Let v(k) = k**2 - 4*k - 7. Let s be v(6). Give o(s).
18
Let y = -43 + 65. Suppose 5*p = 4*u + 30, -p + 0*u + y = -4*u. Let k(g) = 4*g - 2. Determine k(p).
6
Let p = -4 + 3. Let w = 1 - p. Let i be 2 + -6 - (1 - w). Let k(j) = j**3 + 2*j**2 - 3*j - 3. What is k(i)?
-3
Suppose p - 2 = -0. Suppose 0 = -h + 2*a + 9, 0*h = -p*h - 2*a. Let v(n) = -n + 3. Determine v(h).
0
Let a(y) = -y**3 - y**2 + 7*y + 3. Let j(d) = d. Let q(f) = a(f) - 4*j(f). Let h(p) = -2*p - 4. Let v be h(-3). Let b be v - 1 - (0 - -3). Give q(b).
1
Let r(k) = k**2 - 2*k. Suppose 5*x + 75 = -0*x. Let m = 18 + x. What is r(m)?
3
Let o be (-1)/(-3) - 4/3. Let r be 10/(-45) + (-2)/(-9). Let t(x) = 2*x - x + 0*x + r*x + 2. Give t(o).
1
Suppose u + 5*m - 18 = -2*u, 4*u + 3*m - 24 = 0. Let x(w) = -3*w + 6. Determine x(u).
-12
Let h(j) be the second derivative of -j**3/6 + j**2 - j. Suppose -1 - 7 = 4*n. Calculate h(n).
4
Suppose -4 = -x + 1. Let y(k) = k + 3*k - x*k**2 - 3 + 4*k**2. Give y(5).
-8
Let o(x) = x**2 - 9*x - 7. Let b be o(10). Let m(s) = -s**3 + 5*s**2 - 4*s + 1. Give m(b).
7
Let d(h) = -h**2 - 3*h + 1. Let o(u) = -2*u**2 + 4*u + 2. Let b be o(-1). Calculate d(b).
-3
Let h be ((-10)/(-4))/(11/22). Let f(t) = t - 10. What is f(h)?
-5
Let h(z) = -6*z**3 + z**2 - 2*z + 1. Let j(w) = 30*w**3 - 5*w**2 + 11*w - 6. Let i(s) = -11*h(s) - 2*j(s). Determine i(-1).
-6
Let j(u) = -1 + 0*u**2 + 3 + 0 - u**2. Determine j(-2).
-2
Let f(r) = 3*r - 7*r + 6*r + 1. Determine f(1).
3
Suppose 3 = -4*v - 5. Let x(t) = -t - 1. Calculate x(v).
1
Let j(z) be the third derivative of z**4/24 - 5*z**3/3 + 10*z**2. Calculate j(7).
-3
Suppose -2*m + 4*m = 0. Suppose 2*x = -m*x + 2. Let d(v) = 4*v**3 - v. Determine d(x).
3
Suppose 15 = 5*z + 5*q, q - 3 = -2*z - 3*z. Let n(b) = -b**3 + b**2 + 15. What is n(z)?
15
Let i(o) = -o**2 + 3*o + 2. Let p be (20 + -18)/((-1)/((-1)/1)). What is i(p)?
4
Let u(h) = -8*h**2 - 3*h**2 - 6 - 4*h**3 - 8*h + 3*h**2. Let z(l) = 5*l**3 + 9*l**2 + 9*l + 7. Let w(q) = 4*u(q) + 3*z(q). Give w(-4).
1
Let v(l) = 3*l**2 + 9*l + 4. Let y(u) = 2*u**2 + 8*u + 4. Let j(a) = 5*v(a) - 6*y(a). Give j(3).
14
Let g = 38 + -19. Let i = g - 25. Let r(u) = -u**2 - 8*u + 3. Give r(i).
15
Let x(d) = -2*d + 2 - d**2 + 1 + 4*d. Suppose c + 2*c = 0. Let r be (c - 6)*(-5)/10. Calculate x(r).
0
Let r be 18/(-135) - 17/(-15). Let g(o) = 22*o**2 - o. Determine g(r).
21
Let l(x) = 2*x**2 + 2*x + 1. Let h = 20 - 21. Determine l(h).
1
Suppose 5*b - 3 = 2*b - 4*h, -5*b - 2*h = -19. Let g be 3*b/3 + -2. Let p(k) = k**3 - 3*k**2 - k - 1. Calculate p(g).
-4
Let u(z) = -z**3 + 4. Suppose 2*r - 8 = -2*d - 0*d, 3*d = 12. What is u(r)?
4
Let v(r) = -r**2 + 0*r + 4*r**2 - r**2 + 2*r. Let s(y) = -3*y**2 + y. Let w be s(1). Give v(w).
4
Suppose 3*c - 2 - 7 = 0. Let t(p) = p - 2. Calculate t(c).
1
Let n(x) = -x**3 - 12*x**2 + 12*x - 11. Suppose 5*u - 41 = 2*z, 0 = z - u - 7 + 23. Determine n(z).
2
Suppose -9 = -0*o - 3*o. Suppose o*q - 8 = -q. Let y(f) be the second derivative of 2*f**3/3 - f**2 - 2*f. Give y(q).
6
Let q(c) = c + 10. Let x be q(-7). Suppose x*g = 7*g. Let s(w) = 3*w - 2 + 3 + g. Determine s(-1).
-2
Let y(c) = c**3 - c + 3. Let g be y(0). Let h(m) = -1 - 5 + 5*m**2 - m**g + 3 + m. Give h(5).
2
Let q(f) = -3*f + f + 2*f - f**3 + 2*f + 2. Give q(-2).
6
Let b(t) = 4*t**3 + 3*t**2 - 7*t - 25. Let f(r) = -r**3 - r**2 + 2*r + 8. Let n(d) = -2*b(d) - 7*f(d). Give n(0).
-6
Let o(q) be the third derivative of q**4/8 + q**3 - 24*q**2. Determine o(-4).
-6
Let u = -11 + 16. Let w = u + -1. Let k be (w/6)/((-6)/36). Let m(d) = d**2 + 5*d + 5. What is m(k)?
1
Let m(r) = 2*r - 71 - 2*r + 73 - 7*r. Calculate m(-2).
16
Let y(c) = -3*c**3 - 3*c**2 - c + 4. Let z(r) be the first derivative of r**4/4 - r**3/3 - r**2/2 - r - 4. Let g(l) = y(l) + 2*z(l). What is g(-4)?
-2
Let w(h) = -h**3 - h**2 + 4. Let d be w(0). Let i(m) be the third derivative of 0*m - 5/6*m**3 + 0 + 3*m**2 - 5/24*m**d + 1/60*m**5. Calculate i(4).
-9
Suppose -1 + 3 = z. Let b(n) = -3 + 0*n**z + n**2 + n**2 + 4*n - n**3. Let q be b(3). Let x(o) = -o - 3. What is x(q)?
-3
Let d be (-2)/(-3)*81/6. Let y be (-2)/(-5) - d/(-15). Let b(h) be the second derivative of 11*h**4/12 - h**3/6 + 3*h. Calculate b(y).
10
Let z(q) = q**2 + 5*q - 1. Let l(n) = -5*n**2 - 26*n + 5. Let w be 7/14*1*-22. Let x(m) = w*z(m) - 2*l(m). Determine x(-4).
-3
Let h(n) = 2*n + 1. Let c(k) = -8*k + 2. Let y be c(-3). Suppose -4*s - y = i, -i = 5 - 3. Give h(s).
-11
Let s(d) = -8*d**3 + d**2 - 1. Let f(u) = u + 2. Let z be f(-4). Let i be (1 + -25)*3/z. Let r be (-22)/18 - (-8)/i. Calculate s(r).
8
Let a = -13 + 14. Let n(s) = 4*s**3 - s**2. Give n(a).
3
Let j be (4/(-8)*6)/(6/(-16)). Let d(z) = -z**3 + 9*z**2 - 8*z - 7. Calculate d(j).
-7
Let g(m) = -m**2 - 9*m - 7. Let y(u) be the first derivative of 5*u**2/2 + 4*u + 4. Let o(r) = -3*g(r) - 5*y(r). Determine o(-2).
9
Suppose 3*o + 3*s - 24 = 0, -4*o + 4*s = -s - 14. Let v(l) = -o + l + 2 - 2 + 0*l. Determine v(0).
-6
Let f be 3/(3/4) - 1. Let a(u) = u**2 - 2 + 0*u**2 + f*u + u. What is a(-4)?
-2
Suppose -21 = -2*t + 3*o + 2*o, o = -4*t + 9. Let s(f) = f**3 - f**2 - 5*f + 4. Give s(t).
7
Let a(g) = -3 - 5*g**3 + 5*g**3 + 5*g**2 + g**3. Let j(f) = -f**3 - 3*f**2 + 2*f + 1. Let r be j(-3). Calculate a(r).
-3
Let m(o) = o**3 + 4*o**2 - 4*o - 1. Suppose -j + 0*j - 5 = 0. Let s = j + 6. Let n be -4 - s - 0/7. What is m(n)?
-6
Let t(k) = -k**3 - 8*k**2 - 6*k + 9. Let h be t(-7). Let w(j) = j**3 - j**2 - 2*j + 2. Determine w(h).
2
Let b(z) = z**3 + 5*z**2 - 6*z + 5. Let p be b(-6). Suppose 2*x - 3*x = -p. Let g(h) = 3*h + 7. Let m(v) = -v**2 - 1. Let j(w) = -g(w) - m(w). Determine j(x).
4
Let k(a) = 3*a**3 + 17*a**2 - 10*a - 23. Let i(x) = -8 + x**3 + 2*x + 6*x**2 - 10*x + 5*x. Let l(b) = 8*i(b) - 3*k(b). Give l(-4).
-3
Let x be (2 - 3)*-1 + 19. Suppose -3*v - 4 = -5*m + m, -v - 4*m = -x. Let o(j) be the second derivative of j**3/3 + j**2/2 + 7*j. Calculate o(v).
9
Let a(l) = -l + 7. Let s be a(6). Let r = 6 - s. Let h(p) = 6 - 7*p**2 - r + 0. Calculate h(1).
-6
Let x(o) be the third derivative of -o**6/120 - o**5/30 + o**4/12 + o**3/6 + 3*o**2. Let u be -8 - -2*2/(-4). Let d be ((-6)/u)/((-2)/6). What is x(d)?
-3
Let r = 88 - 91. Let n(a) = a**2 - 4*a - 1. Calculate n(r).
20
Suppose 1 = -2*l + 5. Suppose -l*t = t. Let n(o) = 1 - o**2 + 2*o + 0*o - o + 3. Calculate n(t).
4
Suppose -t + 4*t = 0. Let u(s) be the second derivative of 0 - 3/2*s**2 + 1/6*s**3 - s. Determine u(t).
-3
Let x(o) = -o**2 - 2*o - 1. Suppose 0 = -4*d - 0*d - 12. Give x(d).
-4
Let u = 40 - 24. Let l(b) = u*b - 11 + 11. Calculate l(1).
16
Let l(b) = b**3 + 6*b**2 + 6*b + 7. Let c be l(-5). Let u(r) = 5 + 1 + r**c + 7*r + 0. Let i(m) = -m**3 - 4*m**2 + 6*m. Let j be i(-5). Calculate u(j).
-4
Let f(k) = k - 1. Let d be f(1). Let j be (2 + -7)/(-1) + 1. Let p(o) = 1 - 3 - j - o. What is p(d)?
-8
Suppose x + x + 10 = 0. Let w(j) = j**3 + 6*j**2 + 6*j + 3. What is w(x)?
-2
Let q = -46 - -47. Let p(a) = 5*a**3 + a**2 - 1. What is p(q)?
5
Let l(v) be the second derivative of v**3/6 + 3*v**2/2 - v + 5. What is l(9)?
12
Let t(a) = -4*a + 2. Suppose -4*x + 0*c - 2*c + 16 = 0, 2*x = 5*c + 8. Suppose 0 = m + m - x. Suppose 4*b - m - 6 = 0. Calculate t(b).
-6
Let u(z) = z**3 + 4*z**2 + 3*z + 4. Let x = -131 - -128. Give u(x).
4
Suppose -5*i = -4*g + 5 - 0, i + 2 = g. Let s(v) be the first derivative of v**3/3 - 7*v**2/2 + 3*v + 4. What is s(g)?
-7
Let y(i) be the third derivative of i**